uate (-2 - -1) + (-1 + -7 - -4 - -3).
-2
What is the value of 3 + -1 + -10 + 7 + (-3 - 0)?
-4
What is the value of -3 - (-2 + 37 + -2 + -6 + -3)?
-27
What is -6 + (16 - (-5 - -10))?
5
Evaluate 13 + -3 - 13 - (-10 - 3).
10
Evaluate 57 - 12 - -2 - 21.
26
Calculate -8 + 4 + 11 + 0 - -6.
13
Evaluate 10 - ((-11 + -3 - -19) + -2 + -2).
9
Calculate -3 - 2 - (-16 + -6).
17
Calculate -2 + -2 - (-116 + 101).
11
Calculate 2 + -2 + -1 - 3 - (-40 + 20).
16
What is -3 - (0 + 16 - (95 - 83))?
-7
-16 + 7 + -8 + 6
-11
What is the value of 15 + (2 - 6 - (12 + -13))?
12
4 - 28 - (124 - 127)
-21
What is (170 - 186) + 31 + 0?
15
What is the value of (5 - (12 + -1 + 1)) + -6 + 2?
-11
What is 9 - -5 - (-5 + -10 + 23)?
6
What is -18 - (-4 + 19 + -14 + (0 - -5))?
-24
What is -1 + 31 + (-25 - -18 - 14 - -24)?
33
Evaluate 20 + -31 + 14 - -3.
6
Evaluate 8 + (8 + -24 - (-1 + -3)).
-4
Evaluate 12 - 1 - (-3 + 11 + -2).
5
What is the value of (-14 - (19 + -51)) + 5?
23
What is the value of 2 - (-7 + -3 - (22 + -32))?
2
-9 + 31 - (60 + -8)
-30
Evaluate 2 - (-12 + 9 + 1).
4
What is -11 + 2 + -190 + 203?
4
Calculate 11 - -1 - (-5 - ((7 - 11) + -6)).
7
Evaluate -2 - (6 + 13 + 6 + -13).
-14
Evaluate 3 - ((-8 - 21) + (-4 - -14)).
22
What is the value of (9 - 1) + 5 + (11 - 15 - -9)?
18
Calculate 8 - -2 - (7 - ((-12 - -7) + 7)).
5
Evaluate -9 + 2 + 24 + -22 - -7 - 17.
-15
18 - (16 + -1) - (1 - (1 + 9))
12
Evaluate (-2 - -2) + (-14 + 14 + -7 - 24).
-31
31 + (1 - (2 + -1)) + (305 - 311)
25
Calculate -14 + 39 + -30 + (-1 - 0).
-6
Evaluate (-33 - (-2 + 1 + -5 + 0)) + -2.
-29
What is 1 + -16 - (-18 - (5 + -16))?
-8
Calculate 0 + (1 - 10) + -10 - (7 - 16).
-10
What is the value of (7 - 2) + 2 - 4 - (-1 - -1)?
3
What is -198 - -187 - (2 - 12)?
-1
(1 - -1) + 104 + -97 - -4
13
What is the value of (-38 - 1) + 45 + 21 + -1 + -6?
20
6 + -28 + (-33 - -36)
-19
What is the value of 2 - (9 + 6) - (3 + -12) - 0?
-4
-13 - (10 - (83 + -28))
32
What is 110 + -93 - (-1 + 13) - (-1 + 8)?
-2
What is the value of -5 - (2 - 16) - 25?
-16
What is (0 - (4 + -11)) + -6?
1
Calculate -6 + -23 + (3 - (2 - (-12 + 6))).
-34
Calculate (-36 - -34) + (-8 - -1) + -21.
-30
Evaluate (-7 + 8 - -9) + (-12 - -5) + -42.
-39
What is 4 - (13 + (-23 - (0 + 6)))?
20
-514 + 500 + (-3 - 0 - (15 - 13))
-19
Evaluate -2 + (-7 + 1 + 7 - -3).
2
Calculate -4 - -1 - (15 - 12) - (-16 - -1).
9
What is -36 + 8 + 8 - (-2 - 3)?
-15
Calculate (7 - (0 + 3)) + -7 + 5 + 3.
5
What is -4 - 2 - (-4 + -5 - -3) - 17?
-17
Calculate (-2 - (4 + -25 + 10)) + -2.
7
What is the value of 10 - 1 - (-250 + 256)?
3
What is the value of 15 - (86 - 89 - (-3 + 2 + -2))?
15
(0 - (-1 - (-8 - (1 + -5)))) + 0
-3
Calculate 4 - (0 - 0) - (9 + -30 + 26).
-1
What is -1 - 5 - (-6 - -14 - (26 - 12))?
0
Evaluate 0 + (-9 - (10 + -12)) - (6 + -40).
27
Calculate (-12 - -4 - -7) + -9 + (-32 - -32).
-10
Evaluate 9 + 5 - 17 - -4.
1
-1 - (6 + (-12 - (-3 - 6)))
-4
What is the value of (-11 - 7) + (57 - 27)?
12
What is -23 + -2 - (-17 - -4 - -6)?
-18
What is (-5 - (-2 - -4) - (-70 + 40)) + 5?
28
-11 + (-9 + 1 + (-36 - -35) - -6)
-14
Calculate (-28 - -9) + 10 + -10.
-19
What is -64 - -55 - (-5 - (5 - -9))?
10
Calculate 2 - (4 - (3 - 4)).
-3
Evaluate 57 + -42 - (11 + -4).
8
Calculate -1 - (28 - (20 + 7) - (1 - -4)).
3
What is -6 + 2 + 0 + 15 + -3?
8
What is 2 - (-20 + 20 - ((-1 - 1) + 4))?
4
What is the value of (48 + -38 - (6 - 0)) + -10 + 3?
-3
Evaluate 1 + (-10 - (-8 + 12 + -9) - -4).
0
Calculate (17 - 26) + (3 - -4 - 11).
-13
What is (-131 - -134) + (1 - -11)?
15
(0 + -2 - (16 + -23)) + -1 + -6
-2
What is the value of -1 - 1 - (-34 + -43 + 108)?
-33
-7 - -1 - (7 - (-10 - (-7 + -4)))
-12
-3 + (13 - (13 - 6)) + (-11 - -3)
-5
What is the value of (0 - -3 - -4) + 5?
12
-1 - (-15 - -1 - -2)
11
Evaluate -2 + 0 - (-17 + 7 - (7 - -6)).
21
Evaluate 0 + -14 - (13 + -22) - (-14 - 2).
11
What is the value of (-2 - -6 - (-2 - -5)) + -13?
-12
What is ((4 - 8) + -9 - -1) + 32?
20
Evaluate (3 + -1 - 17) + -1 + 37 + -35.
-14
What is (-335 - -343) + 0 + -6?
2
What is the value of -2 + 1 - (-1 - 10)?
10
Evaluate 8 - (10 - 7) - 7 - -9.
7
(28 - 14) + (-1 - (-6 - -7))
12
What is the value of (14 - 1) + -5 + -10?
-2
Calculate 20 - (-16 - 13 - -54).
-5
Calculate 23 + -52 + 27 + -10.
-12
What is (-28 + 0 - (-9 + 0)) + 5 + 0?
-14
What is the value of -10 - ((0 - (1 + (3 - 11))) + -13)?
-4
What is the value of -8 + -13 + 29 + -2?
6
Evaluate (-112 - -132) + (1 - 6).
15
Calculate 2 - (15 - (-15 - -24)).
-4
Evaluate 0 - (-20 - -41) - -19.
-2
1 + -6 - ((23 - 12) + -18) - 9
-7
What is the value of (45 - (32 - 30)) + -20?
23
Calculate -5 + 17 + 3 - 6.
9
(6 + 7 - 4) + -6 - 1
2
What is the value of -9 + (-20 - -68 - 19)?
20
Evaluate -14 - (-5 + (-5 + 20 - 9)).
-15
0 + 1 - ((-27 - -39) + -20)
9
What is the value of (-2 + 43 - 33) + -45?
-37
Calculate -2 + 0 + 0 - (563 - 564).
-1
Calculate (-21 - -19 - -25) + -20.
3
Evaluate (-3 - (5 + 11)) + (-2 - (-2 - 7)).
-12
Calculate 13 - 20 - (-20 - 2).
15
Evaluate (40 - 29) + 17 - 63.
-35
12 + (-2 - 1 - (217 - 217) - 4)
5
Evaluate -38 - (-12 + 6 + -28).
-4
What is -11 + 6 + 0 + -7 + (20 - 23)?
-15
0 + -4 - (0 + (-1 - 15 - -53))
-41
What is the value of 64 + -46 - (-5 + 35)?
-12
Calculate -23 + (4 - 15 - -2) + 4.
-28
What is (1 + 13 - (6 - -1)) + -20?
-13
What is 39 + -9 + -45 + (-3 - -1)?
-17
Calculate 0 + -26 + -50 + 67.
-9
What is (10 - (7 + -4)) + -12 + -24?
-29
Calculate -12 + 21 + 16 + 5.
30
Calculate -83 + 86 + -14 + -2.
-13
What is the value of -4 + (1 - 4) + (-4 + 10 - 3)?
-4
Evaluate 18 + -19 - (-4 - (1 + 0)).
4
What is the value of -5 - (-9 + -4) - (37 + -23)?
-6
What is 7 - (-9 - 23) - 35?
4
1 - (11 - (-9 - -13)) - -3
-3
What is the value of (30 - 33) + (-14 - -20)?
3
Calculate 9 + -4 + -22 + 22.
5
Evaluate (-5 - -28 - 10) + -28 + 8.
-7
Calculate (-4 - 1) + -3 + 8 + -14 - -7.
-7
What is the value of 5 - (21 + -3 + (8 - 14))?
-7
What is the value of 3 + -13 + 3 + 6 + -21 + 8?
-14
Evaluate 6 - 9 - (2 - -2) - (28 + -34).
-1
Calculate (6 - 29) + 16 + -1.
-8
Evaluate -3 + (96 - 119) + (4 - -3) + 1.
-18
-21 + -13 - -16 - -40
22
(1 - -22) + -40 + 51 + -17
17
What is the value of (-6 - -19) + -1 - -19?
31
Calculate -5 - ((42 - 27) + -20).
0
Evaluate (4 - (10 - 1)) + 12.
7
What is 35 - 59 - -13 - (2 - -11)?
-24
What is the value of (-5 - 0) + (12 + -5 - 6)?
-4
What is the value of 4 + -3 + -21 + 8?
-12
What is the value of (-2 - (-6 + 3)) + (37 - 18) + 3?
23
Calculate 262 + -246 - (0 + -4 + 2).
18
What is the value of -7 + -14 + 21 + 8 - (-6 - 0)?
14
What is the value of (0 - 5) + (5 + 1 - 2) + -4?
-5
Evaluate 62 - 62 - (2 + 0).
-2
What is (-13 - (-9 + -19)) + -16?
-1
Calculate (2 - 3 - 2) + -16 + (41 - 42).
-20
-98 - -109 - (3 + 1)
7
17 - 33 - (-3 + 0)
-13
Calculate 8 + (-7 - (-12 - -5 - -6)).
2
What is the value of 0 + -4 + (8 - 8 - 8) + 0?
-12
Evaluate -12 + (-22 - 3) + 52.
15
What is (32 - -2 - 1) + (139 - 152)?
20
Evaluate (7 - 4) + -28 + 39 + -3 + -2.
9
Calculate (55 - (-1 - -15)) + -68.
-27
Evaluate 1 + (-3 - 7 - -7) + -7.
-9
What is the value of (-5 + 107 - 49) + -20 + 0?
33
Evaluate (2 - 21) + 25 - (20 - 2) - -1.
-11
Calculate 6 - (10 + -3 + (-2 - 8) - 2).
11
What is -3 - -8 - ((9 - 0) + -9) - -2?
7
What is 15 + (1 - (8 + 10 + -9))?
7
Calculate (13 - 13 - (3 - 7)) + -8.
-4
What is (-6 - 0) + (-1 - (17 - (16 - 10)))?
-18
What is the value of (2 - 4 - ((-21 - 0) + 23)) + 21?
17
What is the value of -1 + 31 - (-41 - -60)?
11
Calculate -145 + 149 + 0 + -1.
3
What is the value of -2 + 0 + -3 + (-5 - (-7 - -7))?
-10
What is the value of 1 + 1 + -16 + 3 + -4 + 4?
-11
1 + (-2 - 6) - (-130 - -131)
-8
Calculate 2 + -1 - (1 - 3) - (433 - 430).
0
((72 - 80) + -1 + -1 - -1) + -8
-17
Calculate (21 - 20) + (-2 - -13) - -6.
18
What is 3 - 21 - (58 - 64) - -41?
29
What is (-9 - (-2 + 4)) + 195 + -170?
14
Calculate (3 - 5) + 2 + -5 + (3 - -4).
2
Evaluate (-2 - -3) + (-1 - -2 - 1).
1
Calculate 0 + (8 - 10 - 5) + -4.
-11
Calculate -24 - -1 - (2093 + -2092).
-24
What is the value of -34 - -27 - (14 - (1 + 1))?
-19
What is -4 + -8 + 19 + -5 - 11?
-9
What is -1 + -5 - (9 - (1 - (-17 - 25)))?
28
What is the value of 3 - (4 + (-33 + -15 - -20))?
27
What is 12 - (8 - 3 - (11 - 16))?
2
Evaluate -6 - (2 + 11 + -9).
-10
Calculate 2 - (6 + 0 + (7 - 1 - 6)).
-4
What is (-1 - 9 - (-49 + 35)